reatest common factor of 1222 and 47.
47
Calculate the greatest common divisor of 135 and 1746.
9
What is the greatest common divisor of 3968 and 128?
128
What is the greatest common factor of 154 and 35266?
154
What is the highest common divisor of 10 and 18?
2
Calculate the greatest common divisor of 1428 and 336.
84
Calculate the highest common factor of 1 and 86.
1
Calculate the highest common divisor of 13 and 3133.
13
What is the highest common factor of 767 and 104?
13
What is the greatest common divisor of 7683 and 39?
39
Calculate the greatest common factor of 744 and 168.
24
Calculate the highest common divisor of 423 and 45.
9
What is the greatest common divisor of 660 and 30?
30
Calculate the highest common divisor of 132 and 528.
132
Calculate the greatest common divisor of 18 and 414.
18
What is the highest common divisor of 784 and 49?
49
Calculate the highest common divisor of 47864 and 496.
248
What is the greatest common factor of 294 and 3?
3
Calculate the greatest common factor of 108 and 96.
12
Calculate the highest common factor of 336 and 252.
84
Calculate the highest common factor of 11039 and 266.
133
What is the highest common divisor of 106 and 265?
53
Calculate the greatest common divisor of 414 and 18.
18
What is the highest common divisor of 12741 and 279?
93
What is the highest common divisor of 9 and 2979?
9
What is the highest common divisor of 34 and 19941?
17
What is the highest common factor of 455 and 35?
35
Calculate the greatest common factor of 223 and 1.
1
Calculate the highest common divisor of 3916 and 44.
44
Calculate the greatest common divisor of 196 and 1813.
49
Calculate the highest common divisor of 1665 and 180.
45
Calculate the greatest common divisor of 3605 and 35.
35
Calculate the highest common factor of 25726 and 228.
38
Calculate the highest common factor of 336 and 1659.
21
Calculate the greatest common factor of 22 and 4829.
11
Calculate the highest common factor of 8 and 344.
8
Calculate the highest common factor of 192 and 300.
12
What is the highest common divisor of 520 and 40?
40
Calculate the highest common divisor of 195 and 630.
15
Calculate the greatest common divisor of 24 and 312.
24
What is the greatest common factor of 49 and 784?
49
Calculate the greatest common factor of 1615 and 95.
95
Calculate the highest common divisor of 1750 and 70.
70
What is the highest common divisor of 9 and 63?
9
What is the greatest common factor of 3410 and 465?
155
What is the highest common divisor of 8802 and 18?
18
Calculate the greatest common factor of 30 and 380.
10
What is the highest common divisor of 66 and 4128?
6
What is the highest common divisor of 115929 and 99?
99
Calculate the highest common factor of 60 and 4215.
15
What is the highest common factor of 70 and 3367?
7
Calculate the highest common divisor of 6 and 34.
2
Calculate the greatest common divisor of 402 and 6.
6
Calculate the highest common factor of 10283 and 104.
13
Calculate the greatest common divisor of 60 and 6870.
30
Calculate the greatest common divisor of 15344 and 7.
7
What is the greatest common divisor of 13 and 5993?
13
What is the highest common factor of 435 and 261?
87
Calculate the greatest common divisor of 66 and 858.
66
Calculate the greatest common divisor of 14 and 9268.
14
What is the greatest common factor of 23380 and 140?
140
Calculate the greatest common factor of 55 and 80.
5
Calculate the highest common divisor of 801 and 178.
89
Calculate the highest common divisor of 806 and 434.
62
What is the highest common divisor of 20 and 15?
5
Calculate the greatest common factor of 423 and 94.
47
Calculate the highest common divisor of 5300 and 100.
100
Calculate the greatest common divisor of 8024 and 408.
136
Calculate the highest common divisor of 5901 and 21.
21
Calculate the greatest common divisor of 16 and 12.
4
What is the greatest common divisor of 1404 and 156?
156
What is the highest common factor of 32 and 28?
4
Calculate the greatest common factor of 112 and 154.
14
Calculate the greatest common factor of 450 and 18.
18
Calculate the highest common factor of 2832 and 59.
59
Calculate the greatest common divisor of 17 and 1190.
17
Calculate the highest common divisor of 29024 and 32.
32
Calculate the greatest common divisor of 1073 and 1682.
29
What is the greatest common divisor of 158 and 29151?
79
Calculate the greatest common factor of 40 and 108.
4
Calculate the greatest common factor of 913 and 22.
11
Calculate the highest common divisor of 34 and 68.
34
What is the highest common divisor of 8534 and 68?
34
Calculate the highest common factor of 6 and 24.
6
What is the highest common factor of 104 and 468?
52
What is the greatest common factor of 74 and 5032?
74
Calculate the greatest common divisor of 768 and 96.
96
Calculate the highest common factor of 592 and 16.
16
Calculate the highest common factor of 377 and 26.
13
What is the highest common divisor of 156 and 2580?
12
Calculate the greatest common divisor of 1025 and 1175.
25
Calculate the greatest common factor of 26 and 4706.
26
What is the greatest common divisor of 360 and 1160?
40
What is the highest common factor of 1422 and 558?
18
What is the highest common divisor of 1711 and 1247?
29
What is the highest common divisor of 7805 and 70?
35
What is the highest common divisor of 2352 and 256?
16
What is the greatest common factor of 450 and 660?
30
What is the greatest common divisor of 1664 and 56?
8
What is the highest common divisor of 1431 and 53?
53
What is the greatest common divisor of 979 and 11?
11
Calculate the highest common factor of 6509 and 92.
23
Calculate the highest common factor of 67 and 1.
1
Calculate the highest common factor of 41048 and 56.
56
What is the highest common divisor of 52 and 8268?
52
Calculate the highest common divisor of 12 and 84.
12
What is the greatest common divisor of 384 and 8?
8
Calculate the highest common divisor of 14 and 82.
2
Calculate the highest common divisor of 3460 and 400.
20
Calculate the greatest common factor of 75 and 25.
25
Calculate the greatest common divisor of 8 and 28.
4
What is the highest common factor of 8 and 36?
4
What is the highest common divisor of 24 and 300?
12
What is the highest common divisor of 348 and 116?
116
Calculate the greatest common divisor of 84 and 213.
3
What is the greatest common factor of 62 and 496?
62
Calculate the greatest common factor of 2816 and 88.
88
Calculate the highest common divisor of 1139 and 17.
17
Calculate the greatest common factor of 396 and 54.
18
Calculate the highest common divisor of 110 and 3025.
55
Calculate the greatest common divisor of 2021 and 473.
43
What is the highest common divisor of 21 and 3633?
21
Calculate the greatest common factor of 3270 and 30.
30
What is the highest common factor of 28287 and 21?
21
What is the greatest common factor of 30 and 290?
10
What is the greatest common divisor of 220 and 88?
44
Calculate the highest common divisor of 152 and 228.
76
What is the greatest common factor of 736 and 2528?
32
What is the greatest common divisor of 320 and 128?
64
What is the highest common factor of 80 and 944?
16
What is the greatest common divisor of 180 and 954?
18
What is the highest common factor of 29 and 841?
29
Calculate the highest common factor of 4 and 4.
4
Calculate the highest common factor of 682 and 22.
22
Calculate the highest common divisor of 9 and 5067.
9
What is the greatest common divisor of 110 and 170?
10
Calculate the highest common divisor of 846 and 47.
47
Calculate the highest common factor of 52 and 108.
4
What is the highest common factor of 15070 and 66?
22
What is the greatest common factor of 518 and 21?
7
What is the highest common divisor of 4 and 94?
2
Calculate the greatest common factor of 639 and 90.
9
What is the greatest common divisor of 27 and 45?
9
Calculate the highest common factor of 164 and 1886.
82
What is the highest common factor of 14 and 364?
14
Calculate the greatest common divisor of 308 and 700.
28
Calculate the highest common divisor of 60 and 264.
12
Calculate the highest common divisor of 720 and 315.
45
Calculate the highest common divisor of 52 and 988.
52
What is the highest common divisor of 416 and 480?
32
Wh